{"id":2192,"date":"2024-03-08T15:26:05","date_gmt":"2024-03-08T14:26:05","guid":{"rendered":"https:\/\/lamellegno.it\/?post_type=prodotto&#038;p=2192"},"modified":"2025-02-24T10:52:57","modified_gmt":"2025-02-24T09:52:57","slug":"sapelli","status":"publish","type":"prodotto","link":"https:\/\/lamellegno.it\/de\/prodotto\/sapelli\/","title":{"rendered":"Sapelli"},"content":{"rendered":"\n<p><strong>BOTANISCHER NAME<\/strong><br>Entandrophragma cylindricum<\/p>\n\n\n\n<p><strong><strong>PHYSICALISCHE UND MECHANISCHE EIGENSCHAFTEN<\/strong><\/strong><br><strong>Textur<\/strong>: Mittel bis fein<br><strong>Faserverlauf<\/strong>: Regelm\u00e4\u00dfig verflochten<br><strong>Dichte<\/strong>: 690 kg\/m\u00b3<br><strong>Schwund<\/strong>: Von gering bis mittel<br><strong>Porosit\u00e4t<\/strong>: Niedrig<br><strong>H\u00e4rte<\/strong>: Mittel<br><strong>Axiale Druckfestigkeit<\/strong>: Durchschnittswert 61 MPa<br><strong>Biegefestigkeit<\/strong>: Durchschnittswert 145 MPa<br><strong>Elastizit\u00e4tsmodul<\/strong>: Durchschnittswert 11.500 MPa<br><strong>Schlagfestigkeit<\/strong>: Niedrig<br><strong>Flexibilit\u00e4t<\/strong>: Mittel<br><strong>Best\u00e4ndigkeit<\/strong>: Gut<\/p>\n","protected":false},"featured_media":2193,"template":"","class_list":["post-2192","prodotto","type-prodotto","status-publish","has-post-thumbnail","hentry"],"acf":[],"yoast_head":"<!-- This site is optimized with the Yoast SEO plugin v25.7 - https:\/\/yoast.com\/wordpress\/plugins\/seo\/ -->\n<title>Sapelli | Lamel Legno<\/title>\n<meta name=\"robots\" content=\"index, follow, max-snippet:-1, max-image-preview:large, max-video-preview:-1\" \/>\n<link rel=\"canonical\" href=\"https:\/\/lamellegno.it\/de\/prodotto\/sapelli\/\" \/>\n<meta property=\"og:locale\" content=\"de_DE\" \/>\n<meta property=\"og:type\" content=\"article\" \/>\n<meta property=\"og:title\" content=\"Sapelli | Lamel Legno\" \/>\n<meta property=\"og:description\" content=\"BOTANISCHER NAMEEntandrophragma cylindricum PHYSICALISCHE UND MECHANISCHE EIGENSCHAFTENTextur: Mittel bis feinFaserverlauf: Regelm\u00e4\u00dfig verflochtenDichte: 690 kg\/m\u00b3Schwund: Von gering bis mittelPorosit\u00e4t: NiedrigH\u00e4rte: MittelAxiale Druckfestigkeit: Durchschnittswert 61 MPaBiegefestigkeit: Durchschnittswert 145 MPaElastizit\u00e4tsmodul: Durchschnittswert 11.500 MPaSchlagfestigkeit: NiedrigFlexibilit\u00e4t: MittelBest\u00e4ndigkeit: Gut\" \/>\n<meta property=\"og:url\" content=\"https:\/\/lamellegno.it\/de\/prodotto\/sapelli\/\" \/>\n<meta property=\"og:site_name\" content=\"Lamel Legno\" \/>\n<meta property=\"article:modified_time\" content=\"2025-02-24T09:52:57+00:00\" \/>\n<meta property=\"og:image\" content=\"https:\/\/lamellegno.it\/wp-content\/uploads\/2024\/03\/sapelli-1.jpg\" \/>\n\t<meta property=\"og:image:width\" content=\"580\" \/>\n\t<meta property=\"og:image:height\" content=\"529\" \/>\n\t<meta property=\"og:image:type\" content=\"image\/jpeg\" \/>\n<meta name=\"twitter:card\" content=\"summary_large_image\" \/>\n<meta name=\"twitter:label1\" content=\"Gesch\u00e4tzte Lesezeit\" \/>\n\t<meta name=\"twitter:data1\" content=\"1\u00a0Minute\" \/>\n<script type=\"application\/ld+json\" class=\"yoast-schema-graph\">{\"@context\":\"https:\/\/schema.org\",\"@graph\":[{\"@type\":\"WebPage\",\"@id\":\"https:\/\/lamellegno.it\/de\/prodotto\/sapelli\/\",\"url\":\"https:\/\/lamellegno.it\/de\/prodotto\/sapelli\/\",\"name\":\"Sapelli | Lamel Legno\",\"isPartOf\":{\"@id\":\"https:\/\/lamellegno.it\/#website\"},\"primaryImageOfPage\":{\"@id\":\"https:\/\/lamellegno.it\/de\/prodotto\/sapelli\/#primaryimage\"},\"image\":{\"@id\":\"https:\/\/lamellegno.it\/de\/prodotto\/sapelli\/#primaryimage\"},\"thumbnailUrl\":\"https:\/\/lamellegno.it\/wp-content\/uploads\/2024\/03\/sapelli-1.jpg\",\"datePublished\":\"2024-03-08T14:26:05+00:00\",\"dateModified\":\"2025-02-24T09:52:57+00:00\",\"breadcrumb\":{\"@id\":\"https:\/\/lamellegno.it\/de\/prodotto\/sapelli\/#breadcrumb\"},\"inLanguage\":\"de\",\"potentialAction\":[{\"@type\":\"ReadAction\",\"target\":[\"https:\/\/lamellegno.it\/de\/prodotto\/sapelli\/\"]}]},{\"@type\":\"ImageObject\",\"inLanguage\":\"de\",\"@id\":\"https:\/\/lamellegno.it\/de\/prodotto\/sapelli\/#primaryimage\",\"url\":\"https:\/\/lamellegno.it\/wp-content\/uploads\/2024\/03\/sapelli-1.jpg\",\"contentUrl\":\"https:\/\/lamellegno.it\/wp-content\/uploads\/2024\/03\/sapelli-1.jpg\",\"width\":580,\"height\":529},{\"@type\":\"BreadcrumbList\",\"@id\":\"https:\/\/lamellegno.it\/de\/prodotto\/sapelli\/#breadcrumb\",\"itemListElement\":[{\"@type\":\"ListItem\",\"position\":1,\"name\":\"Home\",\"item\":\"https:\/\/lamellegno.it\/de\/\"},{\"@type\":\"ListItem\",\"position\":2,\"name\":\"Sapelli\"}]},{\"@type\":\"WebSite\",\"@id\":\"https:\/\/lamellegno.it\/#website\",\"url\":\"https:\/\/lamellegno.it\/\",\"name\":\"Lamel Legno\",\"description\":\"\",\"publisher\":{\"@id\":\"https:\/\/lamellegno.it\/#organization\"},\"potentialAction\":[{\"@type\":\"SearchAction\",\"target\":{\"@type\":\"EntryPoint\",\"urlTemplate\":\"https:\/\/lamellegno.it\/?s={search_term_string}\"},\"query-input\":{\"@type\":\"PropertyValueSpecification\",\"valueRequired\":true,\"valueName\":\"search_term_string\"}}],\"inLanguage\":\"de\"},{\"@type\":\"Organization\",\"@id\":\"https:\/\/lamellegno.it\/#organization\",\"name\":\"Lamel Legno\",\"url\":\"https:\/\/lamellegno.it\/\",\"logo\":{\"@type\":\"ImageObject\",\"inLanguage\":\"de\",\"@id\":\"https:\/\/lamellegno.it\/#\/schema\/logo\/image\/\",\"url\":\"https:\/\/lamellegno.it\/wp-content\/uploads\/2024\/03\/logo.png\",\"contentUrl\":\"https:\/\/lamellegno.it\/wp-content\/uploads\/2024\/03\/logo.png\",\"width\":112,\"height\":102,\"caption\":\"Lamel Legno\"},\"image\":{\"@id\":\"https:\/\/lamellegno.it\/#\/schema\/logo\/image\/\"},\"sameAs\":[\"https:\/\/www.linkedin.com\/company\/lamellegno\/\"]}]}<\/script>\n<!-- \/ Yoast SEO plugin. -->","yoast_head_json":{"title":"Sapelli | Lamel Legno","robots":{"index":"index","follow":"follow","max-snippet":"max-snippet:-1","max-image-preview":"max-image-preview:large","max-video-preview":"max-video-preview:-1"},"canonical":"https:\/\/lamellegno.it\/de\/prodotto\/sapelli\/","og_locale":"de_DE","og_type":"article","og_title":"Sapelli | Lamel Legno","og_description":"BOTANISCHER NAMEEntandrophragma cylindricum PHYSICALISCHE UND MECHANISCHE EIGENSCHAFTENTextur: Mittel bis feinFaserverlauf: Regelm\u00e4\u00dfig verflochtenDichte: 690 kg\/m\u00b3Schwund: Von gering bis mittelPorosit\u00e4t: NiedrigH\u00e4rte: MittelAxiale Druckfestigkeit: Durchschnittswert 61 MPaBiegefestigkeit: Durchschnittswert 145 MPaElastizit\u00e4tsmodul: Durchschnittswert 11.500 MPaSchlagfestigkeit: NiedrigFlexibilit\u00e4t: MittelBest\u00e4ndigkeit: Gut","og_url":"https:\/\/lamellegno.it\/de\/prodotto\/sapelli\/","og_site_name":"Lamel Legno","article_modified_time":"2025-02-24T09:52:57+00:00","og_image":[{"width":580,"height":529,"url":"https:\/\/lamellegno.it\/wp-content\/uploads\/2024\/03\/sapelli-1.jpg","type":"image\/jpeg"}],"twitter_card":"summary_large_image","twitter_misc":{"Gesch\u00e4tzte Lesezeit":"1\u00a0Minute"},"schema":{"@context":"https:\/\/schema.org","@graph":[{"@type":"WebPage","@id":"https:\/\/lamellegno.it\/de\/prodotto\/sapelli\/","url":"https:\/\/lamellegno.it\/de\/prodotto\/sapelli\/","name":"Sapelli | Lamel Legno","isPartOf":{"@id":"https:\/\/lamellegno.it\/#website"},"primaryImageOfPage":{"@id":"https:\/\/lamellegno.it\/de\/prodotto\/sapelli\/#primaryimage"},"image":{"@id":"https:\/\/lamellegno.it\/de\/prodotto\/sapelli\/#primaryimage"},"thumbnailUrl":"https:\/\/lamellegno.it\/wp-content\/uploads\/2024\/03\/sapelli-1.jpg","datePublished":"2024-03-08T14:26:05+00:00","dateModified":"2025-02-24T09:52:57+00:00","breadcrumb":{"@id":"https:\/\/lamellegno.it\/de\/prodotto\/sapelli\/#breadcrumb"},"inLanguage":"de","potentialAction":[{"@type":"ReadAction","target":["https:\/\/lamellegno.it\/de\/prodotto\/sapelli\/"]}]},{"@type":"ImageObject","inLanguage":"de","@id":"https:\/\/lamellegno.it\/de\/prodotto\/sapelli\/#primaryimage","url":"https:\/\/lamellegno.it\/wp-content\/uploads\/2024\/03\/sapelli-1.jpg","contentUrl":"https:\/\/lamellegno.it\/wp-content\/uploads\/2024\/03\/sapelli-1.jpg","width":580,"height":529},{"@type":"BreadcrumbList","@id":"https:\/\/lamellegno.it\/de\/prodotto\/sapelli\/#breadcrumb","itemListElement":[{"@type":"ListItem","position":1,"name":"Home","item":"https:\/\/lamellegno.it\/de\/"},{"@type":"ListItem","position":2,"name":"Sapelli"}]},{"@type":"WebSite","@id":"https:\/\/lamellegno.it\/#website","url":"https:\/\/lamellegno.it\/","name":"Lamel Legno","description":"","publisher":{"@id":"https:\/\/lamellegno.it\/#organization"},"potentialAction":[{"@type":"SearchAction","target":{"@type":"EntryPoint","urlTemplate":"https:\/\/lamellegno.it\/?s={search_term_string}"},"query-input":{"@type":"PropertyValueSpecification","valueRequired":true,"valueName":"search_term_string"}}],"inLanguage":"de"},{"@type":"Organization","@id":"https:\/\/lamellegno.it\/#organization","name":"Lamel Legno","url":"https:\/\/lamellegno.it\/","logo":{"@type":"ImageObject","inLanguage":"de","@id":"https:\/\/lamellegno.it\/#\/schema\/logo\/image\/","url":"https:\/\/lamellegno.it\/wp-content\/uploads\/2024\/03\/logo.png","contentUrl":"https:\/\/lamellegno.it\/wp-content\/uploads\/2024\/03\/logo.png","width":112,"height":102,"caption":"Lamel Legno"},"image":{"@id":"https:\/\/lamellegno.it\/#\/schema\/logo\/image\/"},"sameAs":["https:\/\/www.linkedin.com\/company\/lamellegno\/"]}]}},"_links":{"self":[{"href":"https:\/\/lamellegno.it\/de\/wp-json\/wp\/v2\/prodotto\/2192","targetHints":{"allow":["GET"]}}],"collection":[{"href":"https:\/\/lamellegno.it\/de\/wp-json\/wp\/v2\/prodotto"}],"about":[{"href":"https:\/\/lamellegno.it\/de\/wp-json\/wp\/v2\/types\/prodotto"}],"wp:featuredmedia":[{"embeddable":true,"href":"https:\/\/lamellegno.it\/de\/wp-json\/wp\/v2\/media\/2193"}],"wp:attachment":[{"href":"https:\/\/lamellegno.it\/de\/wp-json\/wp\/v2\/media?parent=2192"}],"curies":[{"name":"wp","href":"https:\/\/api.w.org\/{rel}","templated":true}]}}

<p><strong>BOTANISCHER NAME</strong><br>Entandrophragma cylindricum</p>



<p><strong><strong>PHYSICALISCHE UND MECHANISCHE EIGENSCHAFTEN</strong></strong><br><strong>Textur</strong>: Mittel bis fein<br><strong>Faserverlauf</strong>: Regelmäßig verflochten<br><strong>Dichte</strong>: 690 kg/m³<br><strong>Schwund</strong>: Von gering bis mittel<br><strong>Porosität</strong>: Niedrig<br><strong>Härte</strong>: Mittel<br><strong>Axiale Druckfestigkeit</strong>: Durchschnittswert 61 MPa<br><strong>Biegefestigkeit</strong>: Durchschnittswert 145 MPa<br><strong>Elastizitätsmodul</strong>: Durchschnittswert 11.500 MPa<br><strong>Schlagfestigkeit</strong>: Niedrig<br><strong>Flexibilität</strong>: Mittel<br><strong>Beständigkeit</strong>: Gut</p>

<!-- This site is optimized with the Yoast SEO plugin v25.7 - https://yoast.com/wordpress/plugins/seo/ -->
<title>Sapelli | Lamel Legno</title>
<meta name="robots" content="index, follow, max-snippet:-1, max-image-preview:large, max-video-preview:-1" />
<link rel="canonical" href="https://lamellegno.it/de/prodotto/sapelli/" />
<meta property="og:locale" content="de_DE" />
<meta property="og:type" content="article" />
<meta property="og:title" content="Sapelli | Lamel Legno" />
<meta property="og:description" content="BOTANISCHER NAMEEntandrophragma cylindricum PHYSICALISCHE UND MECHANISCHE EIGENSCHAFTENTextur: Mittel bis feinFaserverlauf: Regelmäßig verflochtenDichte: 690 kg/m³Schwund: Von gering bis mittelPorosität: NiedrigHärte: MittelAxiale Druckfestigkeit: Durchschnittswert 61 MPaBiegefestigkeit: Durchschnittswert 145 MPaElastizitätsmodul: Durchschnittswert 11.500 MPaSchlagfestigkeit: NiedrigFlexibilität: MittelBeständigkeit: Gut" />
<meta property="og:url" content="https://lamellegno.it/de/prodotto/sapelli/" />
<meta property="og:site_name" content="Lamel Legno" />
<meta property="article:modified_time" content="2025-02-24T09:52:57+00:00" />
<meta property="og:image" content="https://lamellegno.it/wp-content/uploads/2024/03/sapelli-1.jpg" />
	<meta property="og:image:width" content="580" />
	<meta property="og:image:height" content="529" />
	<meta property="og:image:type" content="image/jpeg" />
<meta name="twitter:card" content="summary_large_image" />
<meta name="twitter:label1" content="Geschätzte Lesezeit" />
	<meta name="twitter:data1" content="1 Minute" />
<script type="application/ld+json" class="yoast-schema-graph">{"@context":"https://schema.org","@graph":[{"@type":"WebPage","@id":"https://lamellegno.it/de/prodotto/sapelli/","url":"https://lamellegno.it/de/prodotto/sapelli/","name":"Sapelli | Lamel Legno","isPartOf":{"@id":"https://lamellegno.it/#website"},"primaryImageOfPage":{"@id":"https://lamellegno.it/de/prodotto/sapelli/#primaryimage"},"image":{"@id":"https://lamellegno.it/de/prodotto/sapelli/#primaryimage"},"thumbnailUrl":"https://lamellegno.it/wp-content/uploads/2024/03/sapelli-1.jpg","datePublished":"2024-03-08T14:26:05+00:00","dateModified":"2025-02-24T09:52:57+00:00","breadcrumb":{"@id":"https://lamellegno.it/de/prodotto/sapelli/#breadcrumb"},"inLanguage":"de","potentialAction":[{"@type":"ReadAction","target":["https://lamellegno.it/de/prodotto/sapelli/"]}]},{"@type":"ImageObject","inLanguage":"de","@id":"https://lamellegno.it/de/prodotto/sapelli/#primaryimage","url":"https://lamellegno.it/wp-content/uploads/2024/03/sapelli-1.jpg","contentUrl":"https://lamellegno.it/wp-content/uploads/2024/03/sapelli-1.jpg","width":580,"height":529},{"@type":"BreadcrumbList","@id":"https://lamellegno.it/de/prodotto/sapelli/#breadcrumb","itemListElement":[{"@type":"ListItem","position":1,"name":"Home","item":"https://lamellegno.it/de/"},{"@type":"ListItem","position":2,"name":"Sapelli"}]},{"@type":"WebSite","@id":"https://lamellegno.it/#website","url":"https://lamellegno.it/","name":"Lamel Legno","description":"","publisher":{"@id":"https://lamellegno.it/#organization"},"potentialAction":[{"@type":"SearchAction","target":{"@type":"EntryPoint","urlTemplate":"https://lamellegno.it/?s={search_term_string}"},"query-input":{"@type":"PropertyValueSpecification","valueRequired":true,"valueName":"search_term_string"}}],"inLanguage":"de"},{"@type":"Organization","@id":"https://lamellegno.it/#organization","name":"Lamel Legno","url":"https://lamellegno.it/","logo":{"@type":"ImageObject","inLanguage":"de","@id":"https://lamellegno.it/#/schema/logo/image/","url":"https://lamellegno.it/wp-content/uploads/2024/03/logo.png","contentUrl":"https://lamellegno.it/wp-content/uploads/2024/03/logo.png","width":112,"height":102,"caption":"Lamel Legno"},"image":{"@id":"https://lamellegno.it/#/schema/logo/image/"},"sameAs":["https://www.linkedin.com/company/lamellegno/"]}]}</script>
<!-- / Yoast SEO plugin. -->

BOTANISCHER NAMEEntandrophragma cylindricum PHYSICALISCHE UND MECHANISCHE EIGENSCHAFTENTextur: Mittel bis feinFaserverlauf: Regelmäßig verflochtenDichte: 690 kg/m³Schwund: Von gering bis mittelPorosität: NiedrigHärte: MittelAxiale Druckfestigkeit: Durchschnittswert 61 MPaBiegefestigkeit: Durchschnittswert 145 MPaElastizitätsmodul: Durchschnittswert 11.500 MPaSchlagfestigkeit: NiedrigFlexibilität: MittelBeständigkeit: Gut
