{"id":2247,"date":"2024-03-12T12:19:19","date_gmt":"2024-03-12T11:19:19","guid":{"rendered":"https:\/\/lamellegno.it\/?post_type=prodotto&#038;p=2247"},"modified":"2025-03-07T17:14:49","modified_gmt":"2025-03-07T16:14:49","slug":"haya-vaporizado","status":"publish","type":"prodotto","link":"https:\/\/lamellegno.it\/es\/prodotto\/haya-vaporizado\/","title":{"rendered":"Haya vaporizado"},"content":{"rendered":"\n<p><strong>DENOMINACI\u00f3N CIENT\u00edFICA<\/strong><br>Fagus sylvatica L.<br><br><strong>DESCRIPCIONES F\u00edSICAS Y MEC\u00c1NICAS<\/strong><br><strong>Textura:<\/strong>\u00a0Muy fina<br><strong>Fibra:<\/strong>\u00a0No siempre recta<br><strong>Peso espec\u00edfico medio:<\/strong>\u00a0730 kg\/m3<br><strong>Contracci\u00f3n:<\/strong> Elevada<br><strong>Nerviosidad:<\/strong>\u00a0Elevada<br><strong>Dureza:<\/strong>\u00a0Elevada<br><strong>Resistencia a la compresi\u00f3n axial:<\/strong>\u00a0Valor medio 61 MPa<br><strong>Resistencia a la flexion:<\/strong>\u00a0Valor medio 118 MPa<br><strong>M\u00f3dulo de elasticidad:<\/strong>\u00a0Valor Medio 14,700 MPa<br><strong>Resistencia al impacto:<\/strong>\u00a0Elevada<br><strong>Flexibilidad:<\/strong>\u00a0Media<br><strong>Durabilidad:<\/strong>\u00a0Mediocre<\/p>\n","protected":false},"featured_media":2248,"template":"","class_list":["post-2247","prodotto","type-prodotto","status-publish","has-post-thumbnail","hentry"],"acf":[],"yoast_head":"<!-- This site is optimized with the Yoast SEO plugin v25.7 - https:\/\/yoast.com\/wordpress\/plugins\/seo\/ -->\n<title>Haya vaporizado | Lamel Legno<\/title>\n<meta name=\"robots\" content=\"index, follow, max-snippet:-1, max-image-preview:large, max-video-preview:-1\" \/>\n<link rel=\"canonical\" href=\"https:\/\/lamellegno.it\/es\/prodotto\/haya-vaporizado\/\" \/>\n<meta property=\"og:locale\" content=\"es_ES\" \/>\n<meta property=\"og:type\" content=\"article\" \/>\n<meta property=\"og:title\" content=\"Haya vaporizado | Lamel Legno\" \/>\n<meta property=\"og:description\" content=\"DENOMINACI\u00f3N CIENT\u00edFICAFagus sylvatica L. DESCRIPCIONES F\u00edSICAS Y MEC\u00c1NICASTextura:\u00a0Muy finaFibra:\u00a0No siempre rectaPeso espec\u00edfico medio:\u00a0730 kg\/m3Contracci\u00f3n: ElevadaNerviosidad:\u00a0ElevadaDureza:\u00a0ElevadaResistencia a la compresi\u00f3n axial:\u00a0Valor medio 61 MPaResistencia a la flexion:\u00a0Valor medio 118 MPaM\u00f3dulo de elasticidad:\u00a0Valor Medio 14,700 MPaResistencia al impacto:\u00a0ElevadaFlexibilidad:\u00a0MediaDurabilidad:\u00a0Mediocre\" \/>\n<meta property=\"og:url\" content=\"https:\/\/lamellegno.it\/es\/prodotto\/haya-vaporizado\/\" \/>\n<meta property=\"og:site_name\" content=\"Lamel Legno\" \/>\n<meta property=\"article:modified_time\" content=\"2025-03-07T16:14:49+00:00\" \/>\n<meta property=\"og:image\" content=\"https:\/\/lamellegno.it\/wp-content\/uploads\/2024\/03\/faggio_evaporato-1.jpg\" \/>\n\t<meta property=\"og:image:width\" content=\"579\" \/>\n\t<meta property=\"og:image:height\" content=\"527\" \/>\n\t<meta property=\"og:image:type\" content=\"image\/jpeg\" \/>\n<meta name=\"twitter:card\" content=\"summary_large_image\" \/>\n<meta name=\"twitter:label1\" content=\"Tiempo de lectura\" \/>\n\t<meta name=\"twitter:data1\" content=\"1 minuto\" \/>\n<script type=\"application\/ld+json\" class=\"yoast-schema-graph\">{\"@context\":\"https:\/\/schema.org\",\"@graph\":[{\"@type\":\"WebPage\",\"@id\":\"https:\/\/lamellegno.it\/es\/prodotto\/haya-vaporizado\/\",\"url\":\"https:\/\/lamellegno.it\/es\/prodotto\/haya-vaporizado\/\",\"name\":\"Haya vaporizado | Lamel Legno\",\"isPartOf\":{\"@id\":\"https:\/\/lamellegno.it\/#website\"},\"primaryImageOfPage\":{\"@id\":\"https:\/\/lamellegno.it\/es\/prodotto\/haya-vaporizado\/#primaryimage\"},\"image\":{\"@id\":\"https:\/\/lamellegno.it\/es\/prodotto\/haya-vaporizado\/#primaryimage\"},\"thumbnailUrl\":\"https:\/\/lamellegno.it\/wp-content\/uploads\/2024\/03\/faggio_evaporato-1.jpg\",\"datePublished\":\"2024-03-12T11:19:19+00:00\",\"dateModified\":\"2025-03-07T16:14:49+00:00\",\"breadcrumb\":{\"@id\":\"https:\/\/lamellegno.it\/es\/prodotto\/haya-vaporizado\/#breadcrumb\"},\"inLanguage\":\"es\",\"potentialAction\":[{\"@type\":\"ReadAction\",\"target\":[\"https:\/\/lamellegno.it\/es\/prodotto\/haya-vaporizado\/\"]}]},{\"@type\":\"ImageObject\",\"inLanguage\":\"es\",\"@id\":\"https:\/\/lamellegno.it\/es\/prodotto\/haya-vaporizado\/#primaryimage\",\"url\":\"https:\/\/lamellegno.it\/wp-content\/uploads\/2024\/03\/faggio_evaporato-1.jpg\",\"contentUrl\":\"https:\/\/lamellegno.it\/wp-content\/uploads\/2024\/03\/faggio_evaporato-1.jpg\",\"width\":579,\"height\":527},{\"@type\":\"BreadcrumbList\",\"@id\":\"https:\/\/lamellegno.it\/es\/prodotto\/haya-vaporizado\/#breadcrumb\",\"itemListElement\":[{\"@type\":\"ListItem\",\"position\":1,\"name\":\"Home\",\"item\":\"https:\/\/lamellegno.it\/es\/\"},{\"@type\":\"ListItem\",\"position\":2,\"name\":\"Haya vaporizado\"}]},{\"@type\":\"WebSite\",\"@id\":\"https:\/\/lamellegno.it\/#website\",\"url\":\"https:\/\/lamellegno.it\/\",\"name\":\"Lamel Legno\",\"description\":\"\",\"publisher\":{\"@id\":\"https:\/\/lamellegno.it\/#organization\"},\"potentialAction\":[{\"@type\":\"SearchAction\",\"target\":{\"@type\":\"EntryPoint\",\"urlTemplate\":\"https:\/\/lamellegno.it\/?s={search_term_string}\"},\"query-input\":{\"@type\":\"PropertyValueSpecification\",\"valueRequired\":true,\"valueName\":\"search_term_string\"}}],\"inLanguage\":\"es\"},{\"@type\":\"Organization\",\"@id\":\"https:\/\/lamellegno.it\/#organization\",\"name\":\"Lamel Legno\",\"url\":\"https:\/\/lamellegno.it\/\",\"logo\":{\"@type\":\"ImageObject\",\"inLanguage\":\"es\",\"@id\":\"https:\/\/lamellegno.it\/#\/schema\/logo\/image\/\",\"url\":\"https:\/\/lamellegno.it\/wp-content\/uploads\/2024\/03\/logo.png\",\"contentUrl\":\"https:\/\/lamellegno.it\/wp-content\/uploads\/2024\/03\/logo.png\",\"width\":112,\"height\":102,\"caption\":\"Lamel Legno\"},\"image\":{\"@id\":\"https:\/\/lamellegno.it\/#\/schema\/logo\/image\/\"},\"sameAs\":[\"https:\/\/www.linkedin.com\/company\/lamellegno\/\"]}]}<\/script>\n<!-- \/ Yoast SEO plugin. -->","yoast_head_json":{"title":"Haya vaporizado | Lamel Legno","robots":{"index":"index","follow":"follow","max-snippet":"max-snippet:-1","max-image-preview":"max-image-preview:large","max-video-preview":"max-video-preview:-1"},"canonical":"https:\/\/lamellegno.it\/es\/prodotto\/haya-vaporizado\/","og_locale":"es_ES","og_type":"article","og_title":"Haya vaporizado | Lamel Legno","og_description":"DENOMINACI\u00f3N CIENT\u00edFICAFagus sylvatica L. DESCRIPCIONES F\u00edSICAS Y MEC\u00c1NICASTextura:\u00a0Muy finaFibra:\u00a0No siempre rectaPeso espec\u00edfico medio:\u00a0730 kg\/m3Contracci\u00f3n: ElevadaNerviosidad:\u00a0ElevadaDureza:\u00a0ElevadaResistencia a la compresi\u00f3n axial:\u00a0Valor medio 61 MPaResistencia a la flexion:\u00a0Valor medio 118 MPaM\u00f3dulo de elasticidad:\u00a0Valor Medio 14,700 MPaResistencia al impacto:\u00a0ElevadaFlexibilidad:\u00a0MediaDurabilidad:\u00a0Mediocre","og_url":"https:\/\/lamellegno.it\/es\/prodotto\/haya-vaporizado\/","og_site_name":"Lamel Legno","article_modified_time":"2025-03-07T16:14:49+00:00","og_image":[{"width":579,"height":527,"url":"https:\/\/lamellegno.it\/wp-content\/uploads\/2024\/03\/faggio_evaporato-1.jpg","type":"image\/jpeg"}],"twitter_card":"summary_large_image","twitter_misc":{"Tiempo de lectura":"1 minuto"},"schema":{"@context":"https:\/\/schema.org","@graph":[{"@type":"WebPage","@id":"https:\/\/lamellegno.it\/es\/prodotto\/haya-vaporizado\/","url":"https:\/\/lamellegno.it\/es\/prodotto\/haya-vaporizado\/","name":"Haya vaporizado | Lamel Legno","isPartOf":{"@id":"https:\/\/lamellegno.it\/#website"},"primaryImageOfPage":{"@id":"https:\/\/lamellegno.it\/es\/prodotto\/haya-vaporizado\/#primaryimage"},"image":{"@id":"https:\/\/lamellegno.it\/es\/prodotto\/haya-vaporizado\/#primaryimage"},"thumbnailUrl":"https:\/\/lamellegno.it\/wp-content\/uploads\/2024\/03\/faggio_evaporato-1.jpg","datePublished":"2024-03-12T11:19:19+00:00","dateModified":"2025-03-07T16:14:49+00:00","breadcrumb":{"@id":"https:\/\/lamellegno.it\/es\/prodotto\/haya-vaporizado\/#breadcrumb"},"inLanguage":"es","potentialAction":[{"@type":"ReadAction","target":["https:\/\/lamellegno.it\/es\/prodotto\/haya-vaporizado\/"]}]},{"@type":"ImageObject","inLanguage":"es","@id":"https:\/\/lamellegno.it\/es\/prodotto\/haya-vaporizado\/#primaryimage","url":"https:\/\/lamellegno.it\/wp-content\/uploads\/2024\/03\/faggio_evaporato-1.jpg","contentUrl":"https:\/\/lamellegno.it\/wp-content\/uploads\/2024\/03\/faggio_evaporato-1.jpg","width":579,"height":527},{"@type":"BreadcrumbList","@id":"https:\/\/lamellegno.it\/es\/prodotto\/haya-vaporizado\/#breadcrumb","itemListElement":[{"@type":"ListItem","position":1,"name":"Home","item":"https:\/\/lamellegno.it\/es\/"},{"@type":"ListItem","position":2,"name":"Haya vaporizado"}]},{"@type":"WebSite","@id":"https:\/\/lamellegno.it\/#website","url":"https:\/\/lamellegno.it\/","name":"Lamel Legno","description":"","publisher":{"@id":"https:\/\/lamellegno.it\/#organization"},"potentialAction":[{"@type":"SearchAction","target":{"@type":"EntryPoint","urlTemplate":"https:\/\/lamellegno.it\/?s={search_term_string}"},"query-input":{"@type":"PropertyValueSpecification","valueRequired":true,"valueName":"search_term_string"}}],"inLanguage":"es"},{"@type":"Organization","@id":"https:\/\/lamellegno.it\/#organization","name":"Lamel Legno","url":"https:\/\/lamellegno.it\/","logo":{"@type":"ImageObject","inLanguage":"es","@id":"https:\/\/lamellegno.it\/#\/schema\/logo\/image\/","url":"https:\/\/lamellegno.it\/wp-content\/uploads\/2024\/03\/logo.png","contentUrl":"https:\/\/lamellegno.it\/wp-content\/uploads\/2024\/03\/logo.png","width":112,"height":102,"caption":"Lamel Legno"},"image":{"@id":"https:\/\/lamellegno.it\/#\/schema\/logo\/image\/"},"sameAs":["https:\/\/www.linkedin.com\/company\/lamellegno\/"]}]}},"_links":{"self":[{"href":"https:\/\/lamellegno.it\/es\/wp-json\/wp\/v2\/prodotto\/2247","targetHints":{"allow":["GET"]}}],"collection":[{"href":"https:\/\/lamellegno.it\/es\/wp-json\/wp\/v2\/prodotto"}],"about":[{"href":"https:\/\/lamellegno.it\/es\/wp-json\/wp\/v2\/types\/prodotto"}],"wp:featuredmedia":[{"embeddable":true,"href":"https:\/\/lamellegno.it\/es\/wp-json\/wp\/v2\/media\/2248"}],"wp:attachment":[{"href":"https:\/\/lamellegno.it\/es\/wp-json\/wp\/v2\/media?parent=2247"}],"curies":[{"name":"wp","href":"https:\/\/api.w.org\/{rel}","templated":true}]}}

<p><strong>DENOMINACIóN CIENTíFICA</strong><br>Fagus sylvatica L.<br><br><strong>DESCRIPCIONES FíSICAS Y MECÁNICAS</strong><br><strong>Textura:</strong> Muy fina<br><strong>Fibra:</strong> No siempre recta<br><strong>Peso específico medio:</strong> 730 kg/m3<br><strong>Contracción:</strong> Elevada<br><strong>Nerviosidad:</strong> Elevada<br><strong>Dureza:</strong> Elevada<br><strong>Resistencia a la compresión axial:</strong> Valor medio 61 MPa<br><strong>Resistencia a la flexion:</strong> Valor medio 118 MPa<br><strong>Módulo de elasticidad:</strong> Valor Medio 14,700 MPa<br><strong>Resistencia al impacto:</strong> Elevada<br><strong>Flexibilidad:</strong> Media<br><strong>Durabilidad:</strong> Mediocre</p>

<!-- This site is optimized with the Yoast SEO plugin v25.7 - https://yoast.com/wordpress/plugins/seo/ -->
<title>Haya vaporizado | Lamel Legno</title>
<meta name="robots" content="index, follow, max-snippet:-1, max-image-preview:large, max-video-preview:-1" />
<link rel="canonical" href="https://lamellegno.it/es/prodotto/haya-vaporizado/" />
<meta property="og:locale" content="es_ES" />
<meta property="og:type" content="article" />
<meta property="og:title" content="Haya vaporizado | Lamel Legno" />
<meta property="og:description" content="DENOMINACIóN CIENTíFICAFagus sylvatica L. DESCRIPCIONES FíSICAS Y MECÁNICASTextura: Muy finaFibra: No siempre rectaPeso específico medio: 730 kg/m3Contracción: ElevadaNerviosidad: ElevadaDureza: ElevadaResistencia a la compresión axial: Valor medio 61 MPaResistencia a la flexion: Valor medio 118 MPaMódulo de elasticidad: Valor Medio 14,700 MPaResistencia al impacto: ElevadaFlexibilidad: MediaDurabilidad: Mediocre" />
<meta property="og:url" content="https://lamellegno.it/es/prodotto/haya-vaporizado/" />
<meta property="og:site_name" content="Lamel Legno" />
<meta property="article:modified_time" content="2025-03-07T16:14:49+00:00" />
<meta property="og:image" content="https://lamellegno.it/wp-content/uploads/2024/03/faggio_evaporato-1.jpg" />
	<meta property="og:image:width" content="579" />
	<meta property="og:image:height" content="527" />
	<meta property="og:image:type" content="image/jpeg" />
<meta name="twitter:card" content="summary_large_image" />
<meta name="twitter:label1" content="Tiempo de lectura" />
	<meta name="twitter:data1" content="1 minuto" />
<script type="application/ld+json" class="yoast-schema-graph">{"@context":"https://schema.org","@graph":[{"@type":"WebPage","@id":"https://lamellegno.it/es/prodotto/haya-vaporizado/","url":"https://lamellegno.it/es/prodotto/haya-vaporizado/","name":"Haya vaporizado | Lamel Legno","isPartOf":{"@id":"https://lamellegno.it/#website"},"primaryImageOfPage":{"@id":"https://lamellegno.it/es/prodotto/haya-vaporizado/#primaryimage"},"image":{"@id":"https://lamellegno.it/es/prodotto/haya-vaporizado/#primaryimage"},"thumbnailUrl":"https://lamellegno.it/wp-content/uploads/2024/03/faggio_evaporato-1.jpg","datePublished":"2024-03-12T11:19:19+00:00","dateModified":"2025-03-07T16:14:49+00:00","breadcrumb":{"@id":"https://lamellegno.it/es/prodotto/haya-vaporizado/#breadcrumb"},"inLanguage":"es","potentialAction":[{"@type":"ReadAction","target":["https://lamellegno.it/es/prodotto/haya-vaporizado/"]}]},{"@type":"ImageObject","inLanguage":"es","@id":"https://lamellegno.it/es/prodotto/haya-vaporizado/#primaryimage","url":"https://lamellegno.it/wp-content/uploads/2024/03/faggio_evaporato-1.jpg","contentUrl":"https://lamellegno.it/wp-content/uploads/2024/03/faggio_evaporato-1.jpg","width":579,"height":527},{"@type":"BreadcrumbList","@id":"https://lamellegno.it/es/prodotto/haya-vaporizado/#breadcrumb","itemListElement":[{"@type":"ListItem","position":1,"name":"Home","item":"https://lamellegno.it/es/"},{"@type":"ListItem","position":2,"name":"Haya vaporizado"}]},{"@type":"WebSite","@id":"https://lamellegno.it/#website","url":"https://lamellegno.it/","name":"Lamel Legno","description":"","publisher":{"@id":"https://lamellegno.it/#organization"},"potentialAction":[{"@type":"SearchAction","target":{"@type":"EntryPoint","urlTemplate":"https://lamellegno.it/?s={search_term_string}"},"query-input":{"@type":"PropertyValueSpecification","valueRequired":true,"valueName":"search_term_string"}}],"inLanguage":"es"},{"@type":"Organization","@id":"https://lamellegno.it/#organization","name":"Lamel Legno","url":"https://lamellegno.it/","logo":{"@type":"ImageObject","inLanguage":"es","@id":"https://lamellegno.it/#/schema/logo/image/","url":"https://lamellegno.it/wp-content/uploads/2024/03/logo.png","contentUrl":"https://lamellegno.it/wp-content/uploads/2024/03/logo.png","width":112,"height":102,"caption":"Lamel Legno"},"image":{"@id":"https://lamellegno.it/#/schema/logo/image/"},"sameAs":["https://www.linkedin.com/company/lamellegno/"]}]}</script>
<!-- / Yoast SEO plugin. -->

DENOMINACIóN CIENTíFICAFagus sylvatica L. DESCRIPCIONES FíSICAS Y MECÁNICASTextura: Muy finaFibra: No siempre rectaPeso específico medio: 730 kg/m3Contracción: ElevadaNerviosidad: ElevadaDureza: ElevadaResistencia a la compresión axial: Valor medio 61 MPaResistencia a la flexion: Valor medio 118 MPaMódulo de elasticidad: Valor Medio 14,700 MPaResistencia al impacto: ElevadaFlexibilidad: MediaDurabilidad: Mediocre
