{"id":976,"date":"2024-03-12T12:19:19","date_gmt":"2024-03-12T11:19:19","guid":{"rendered":"https:\/\/lamellegno.it\/prodotto\/faggio-evaporato\/"},"modified":"2024-04-02T13:56:15","modified_gmt":"2024-04-02T11:56:15","slug":"hetre-etuve","status":"publish","type":"prodotto","link":"https:\/\/lamellegno.it\/fr\/prodotto\/hetre-etuve\/","title":{"rendered":"H\u00eatre \u00e9tuv\u00e9"},"content":{"rendered":"\n<p><strong>NOM BOTANIQUE<\/strong><br>Fagus sylvatica L.<br><br><strong>CARACT\u00c9RISTIQUES PHYSIQUES ET M\u00c9CANIQUES<\/strong><br><strong>Texture:<\/strong>\u00a0Tr\u00e8s fine<br><strong>Fil:<\/strong>\u00a0Droit<br><strong>Poids sp\u00e9cifique moyen:<\/strong>\u00a0730 kg\/m3<br><strong>Retrait:<\/strong>\u00a0Important<br><strong>Nervosit\u00e9 du bois:<\/strong>\u00a0\u00c9lev\u00e9e<br><strong>Duret\u00e9:<\/strong>\u00a0\u00c9lev\u00e9e<br><strong>R\u00e9sistance \u00e0 la compression axiale:<\/strong>\u00a0Valeur moyenne de 61 MPa<br><strong>R\u00e9sistance \u00e0 la flexion:<\/strong>\u00a0Valeur moyenne de 118 Mpa<br><strong>Module d\u2019\u00e9lasticit\u00e9:<\/strong>\u00a0Valeur moyenne de 14,700 MPa<br><strong>R\u00e9sistance aux chocs:<\/strong>\u00a0\u00c9lev\u00e9e<br><strong>Flexibilit\u00e9:<\/strong>\u00a0Moyenne<br><strong>Durabilit\u00e9:<\/strong>\u00a0M\u00e9diocre<\/p>\n","protected":false},"featured_media":741,"template":"","class_list":["post-976","prodotto","type-prodotto","status-publish","has-post-thumbnail","hentry"],"acf":[],"yoast_head":"<!-- This site is optimized with the Yoast SEO plugin v25.7 - https:\/\/yoast.com\/wordpress\/plugins\/seo\/ -->\n<title>H\u00eatre \u00e9tuv\u00e9 | Lamel Legno<\/title>\n<meta name=\"robots\" content=\"index, follow, max-snippet:-1, max-image-preview:large, max-video-preview:-1\" \/>\n<link rel=\"canonical\" href=\"https:\/\/lamellegno.it\/fr\/prodotto\/hetre-etuve\/\" \/>\n<meta property=\"og:locale\" content=\"fr_FR\" \/>\n<meta property=\"og:type\" content=\"article\" \/>\n<meta property=\"og:title\" content=\"H\u00eatre \u00e9tuv\u00e9 | Lamel Legno\" \/>\n<meta property=\"og:description\" content=\"NOM BOTANIQUEFagus sylvatica L. CARACT\u00c9RISTIQUES PHYSIQUES ET M\u00c9CANIQUESTexture:\u00a0Tr\u00e8s fineFil:\u00a0DroitPoids sp\u00e9cifique moyen:\u00a0730 kg\/m3Retrait:\u00a0ImportantNervosit\u00e9 du bois:\u00a0\u00c9lev\u00e9eDuret\u00e9:\u00a0\u00c9lev\u00e9eR\u00e9sistance \u00e0 la compression axiale:\u00a0Valeur moyenne de 61 MPaR\u00e9sistance \u00e0 la flexion:\u00a0Valeur moyenne de 118 MpaModule d\u2019\u00e9lasticit\u00e9:\u00a0Valeur moyenne de 14,700 MPaR\u00e9sistance aux chocs:\u00a0\u00c9lev\u00e9eFlexibilit\u00e9:\u00a0MoyenneDurabilit\u00e9:\u00a0M\u00e9diocre\" \/>\n<meta property=\"og:url\" content=\"https:\/\/lamellegno.it\/fr\/prodotto\/hetre-etuve\/\" \/>\n<meta property=\"og:site_name\" content=\"Lamel Legno\" \/>\n<meta property=\"article:modified_time\" content=\"2024-04-02T11:56:15+00:00\" \/>\n<meta property=\"og:image\" content=\"https:\/\/lamellegno.it\/wp-content\/uploads\/2024\/03\/faggio_evaporato-1.jpg\" \/>\n\t<meta property=\"og:image:width\" content=\"579\" \/>\n\t<meta property=\"og:image:height\" content=\"527\" \/>\n\t<meta property=\"og:image:type\" content=\"image\/jpeg\" \/>\n<meta name=\"twitter:card\" content=\"summary_large_image\" \/>\n<meta name=\"twitter:label1\" content=\"Dur\u00e9e de lecture estim\u00e9e\" \/>\n\t<meta name=\"twitter:data1\" content=\"1 minute\" \/>\n<script type=\"application\/ld+json\" class=\"yoast-schema-graph\">{\"@context\":\"https:\/\/schema.org\",\"@graph\":[{\"@type\":\"WebPage\",\"@id\":\"https:\/\/lamellegno.it\/fr\/prodotto\/hetre-etuve\/\",\"url\":\"https:\/\/lamellegno.it\/fr\/prodotto\/hetre-etuve\/\",\"name\":\"H\u00eatre \u00e9tuv\u00e9 | Lamel Legno\",\"isPartOf\":{\"@id\":\"https:\/\/lamellegno.it\/#website\"},\"primaryImageOfPage\":{\"@id\":\"https:\/\/lamellegno.it\/fr\/prodotto\/hetre-etuve\/#primaryimage\"},\"image\":{\"@id\":\"https:\/\/lamellegno.it\/fr\/prodotto\/hetre-etuve\/#primaryimage\"},\"thumbnailUrl\":\"https:\/\/lamellegno.it\/wp-content\/uploads\/2024\/03\/faggio_evaporato-1.jpg\",\"datePublished\":\"2024-03-12T11:19:19+00:00\",\"dateModified\":\"2024-04-02T11:56:15+00:00\",\"breadcrumb\":{\"@id\":\"https:\/\/lamellegno.it\/fr\/prodotto\/hetre-etuve\/#breadcrumb\"},\"inLanguage\":\"fr-FR\",\"potentialAction\":[{\"@type\":\"ReadAction\",\"target\":[\"https:\/\/lamellegno.it\/fr\/prodotto\/hetre-etuve\/\"]}]},{\"@type\":\"ImageObject\",\"inLanguage\":\"fr-FR\",\"@id\":\"https:\/\/lamellegno.it\/fr\/prodotto\/hetre-etuve\/#primaryimage\",\"url\":\"https:\/\/lamellegno.it\/wp-content\/uploads\/2024\/03\/faggio_evaporato-1.jpg\",\"contentUrl\":\"https:\/\/lamellegno.it\/wp-content\/uploads\/2024\/03\/faggio_evaporato-1.jpg\",\"width\":579,\"height\":527},{\"@type\":\"BreadcrumbList\",\"@id\":\"https:\/\/lamellegno.it\/fr\/prodotto\/hetre-etuve\/#breadcrumb\",\"itemListElement\":[{\"@type\":\"ListItem\",\"position\":1,\"name\":\"Home\",\"item\":\"https:\/\/lamellegno.it\/fr\/\"},{\"@type\":\"ListItem\",\"position\":2,\"name\":\"H\u00eatre \u00e9tuv\u00e9\"}]},{\"@type\":\"WebSite\",\"@id\":\"https:\/\/lamellegno.it\/#website\",\"url\":\"https:\/\/lamellegno.it\/\",\"name\":\"Lamel Legno\",\"description\":\"\",\"publisher\":{\"@id\":\"https:\/\/lamellegno.it\/#organization\"},\"potentialAction\":[{\"@type\":\"SearchAction\",\"target\":{\"@type\":\"EntryPoint\",\"urlTemplate\":\"https:\/\/lamellegno.it\/?s={search_term_string}\"},\"query-input\":{\"@type\":\"PropertyValueSpecification\",\"valueRequired\":true,\"valueName\":\"search_term_string\"}}],\"inLanguage\":\"fr-FR\"},{\"@type\":\"Organization\",\"@id\":\"https:\/\/lamellegno.it\/#organization\",\"name\":\"Lamel Legno\",\"url\":\"https:\/\/lamellegno.it\/\",\"logo\":{\"@type\":\"ImageObject\",\"inLanguage\":\"fr-FR\",\"@id\":\"https:\/\/lamellegno.it\/#\/schema\/logo\/image\/\",\"url\":\"https:\/\/lamellegno.it\/wp-content\/uploads\/2024\/03\/logo.png\",\"contentUrl\":\"https:\/\/lamellegno.it\/wp-content\/uploads\/2024\/03\/logo.png\",\"width\":112,\"height\":102,\"caption\":\"Lamel Legno\"},\"image\":{\"@id\":\"https:\/\/lamellegno.it\/#\/schema\/logo\/image\/\"},\"sameAs\":[\"https:\/\/www.linkedin.com\/company\/lamellegno\/\"]}]}<\/script>\n<!-- \/ Yoast SEO plugin. -->","yoast_head_json":{"title":"H\u00eatre \u00e9tuv\u00e9 | Lamel Legno","robots":{"index":"index","follow":"follow","max-snippet":"max-snippet:-1","max-image-preview":"max-image-preview:large","max-video-preview":"max-video-preview:-1"},"canonical":"https:\/\/lamellegno.it\/fr\/prodotto\/hetre-etuve\/","og_locale":"fr_FR","og_type":"article","og_title":"H\u00eatre \u00e9tuv\u00e9 | Lamel Legno","og_description":"NOM BOTANIQUEFagus sylvatica L. CARACT\u00c9RISTIQUES PHYSIQUES ET M\u00c9CANIQUESTexture:\u00a0Tr\u00e8s fineFil:\u00a0DroitPoids sp\u00e9cifique moyen:\u00a0730 kg\/m3Retrait:\u00a0ImportantNervosit\u00e9 du bois:\u00a0\u00c9lev\u00e9eDuret\u00e9:\u00a0\u00c9lev\u00e9eR\u00e9sistance \u00e0 la compression axiale:\u00a0Valeur moyenne de 61 MPaR\u00e9sistance \u00e0 la flexion:\u00a0Valeur moyenne de 118 MpaModule d\u2019\u00e9lasticit\u00e9:\u00a0Valeur moyenne de 14,700 MPaR\u00e9sistance aux chocs:\u00a0\u00c9lev\u00e9eFlexibilit\u00e9:\u00a0MoyenneDurabilit\u00e9:\u00a0M\u00e9diocre","og_url":"https:\/\/lamellegno.it\/fr\/prodotto\/hetre-etuve\/","og_site_name":"Lamel Legno","article_modified_time":"2024-04-02T11:56:15+00:00","og_image":[{"width":579,"height":527,"url":"https:\/\/lamellegno.it\/wp-content\/uploads\/2024\/03\/faggio_evaporato-1.jpg","type":"image\/jpeg"}],"twitter_card":"summary_large_image","twitter_misc":{"Dur\u00e9e de lecture estim\u00e9e":"1 minute"},"schema":{"@context":"https:\/\/schema.org","@graph":[{"@type":"WebPage","@id":"https:\/\/lamellegno.it\/fr\/prodotto\/hetre-etuve\/","url":"https:\/\/lamellegno.it\/fr\/prodotto\/hetre-etuve\/","name":"H\u00eatre \u00e9tuv\u00e9 | Lamel Legno","isPartOf":{"@id":"https:\/\/lamellegno.it\/#website"},"primaryImageOfPage":{"@id":"https:\/\/lamellegno.it\/fr\/prodotto\/hetre-etuve\/#primaryimage"},"image":{"@id":"https:\/\/lamellegno.it\/fr\/prodotto\/hetre-etuve\/#primaryimage"},"thumbnailUrl":"https:\/\/lamellegno.it\/wp-content\/uploads\/2024\/03\/faggio_evaporato-1.jpg","datePublished":"2024-03-12T11:19:19+00:00","dateModified":"2024-04-02T11:56:15+00:00","breadcrumb":{"@id":"https:\/\/lamellegno.it\/fr\/prodotto\/hetre-etuve\/#breadcrumb"},"inLanguage":"fr-FR","potentialAction":[{"@type":"ReadAction","target":["https:\/\/lamellegno.it\/fr\/prodotto\/hetre-etuve\/"]}]},{"@type":"ImageObject","inLanguage":"fr-FR","@id":"https:\/\/lamellegno.it\/fr\/prodotto\/hetre-etuve\/#primaryimage","url":"https:\/\/lamellegno.it\/wp-content\/uploads\/2024\/03\/faggio_evaporato-1.jpg","contentUrl":"https:\/\/lamellegno.it\/wp-content\/uploads\/2024\/03\/faggio_evaporato-1.jpg","width":579,"height":527},{"@type":"BreadcrumbList","@id":"https:\/\/lamellegno.it\/fr\/prodotto\/hetre-etuve\/#breadcrumb","itemListElement":[{"@type":"ListItem","position":1,"name":"Home","item":"https:\/\/lamellegno.it\/fr\/"},{"@type":"ListItem","position":2,"name":"H\u00eatre \u00e9tuv\u00e9"}]},{"@type":"WebSite","@id":"https:\/\/lamellegno.it\/#website","url":"https:\/\/lamellegno.it\/","name":"Lamel Legno","description":"","publisher":{"@id":"https:\/\/lamellegno.it\/#organization"},"potentialAction":[{"@type":"SearchAction","target":{"@type":"EntryPoint","urlTemplate":"https:\/\/lamellegno.it\/?s={search_term_string}"},"query-input":{"@type":"PropertyValueSpecification","valueRequired":true,"valueName":"search_term_string"}}],"inLanguage":"fr-FR"},{"@type":"Organization","@id":"https:\/\/lamellegno.it\/#organization","name":"Lamel Legno","url":"https:\/\/lamellegno.it\/","logo":{"@type":"ImageObject","inLanguage":"fr-FR","@id":"https:\/\/lamellegno.it\/#\/schema\/logo\/image\/","url":"https:\/\/lamellegno.it\/wp-content\/uploads\/2024\/03\/logo.png","contentUrl":"https:\/\/lamellegno.it\/wp-content\/uploads\/2024\/03\/logo.png","width":112,"height":102,"caption":"Lamel Legno"},"image":{"@id":"https:\/\/lamellegno.it\/#\/schema\/logo\/image\/"},"sameAs":["https:\/\/www.linkedin.com\/company\/lamellegno\/"]}]}},"_links":{"self":[{"href":"https:\/\/lamellegno.it\/fr\/wp-json\/wp\/v2\/prodotto\/976","targetHints":{"allow":["GET"]}}],"collection":[{"href":"https:\/\/lamellegno.it\/fr\/wp-json\/wp\/v2\/prodotto"}],"about":[{"href":"https:\/\/lamellegno.it\/fr\/wp-json\/wp\/v2\/types\/prodotto"}],"wp:featuredmedia":[{"embeddable":true,"href":"https:\/\/lamellegno.it\/fr\/wp-json\/wp\/v2\/media\/741"}],"wp:attachment":[{"href":"https:\/\/lamellegno.it\/fr\/wp-json\/wp\/v2\/media?parent=976"}],"curies":[{"name":"wp","href":"https:\/\/api.w.org\/{rel}","templated":true}]}}

Hêtre étuvé

<p><strong>NOM BOTANIQUE</strong><br>Fagus sylvatica L.<br><br><strong>CARACTÉRISTIQUES PHYSIQUES ET MÉCANIQUES</strong><br><strong>Texture:</strong> Très fine<br><strong>Fil:</strong> Droit<br><strong>Poids spécifique moyen:</strong> 730 kg/m3<br><strong>Retrait:</strong> Important<br><strong>Nervosité du bois:</strong> Élevée<br><strong>Dureté:</strong> Élevée<br><strong>Résistance à la compression axiale:</strong> Valeur moyenne de 61 MPa<br><strong>Résistance à la flexion:</strong> Valeur moyenne de 118 Mpa<br><strong>Module d’élasticité:</strong> Valeur moyenne de 14,700 MPa<br><strong>Résistance aux chocs:</strong> Élevée<br><strong>Flexibilité:</strong> Moyenne<br><strong>Durabilité:</strong> Médiocre</p>

<!-- This site is optimized with the Yoast SEO plugin v25.7 - https://yoast.com/wordpress/plugins/seo/ -->
<title>Hêtre étuvé | Lamel Legno</title>
<meta name="robots" content="index, follow, max-snippet:-1, max-image-preview:large, max-video-preview:-1" />
<link rel="canonical" href="https://lamellegno.it/fr/prodotto/hetre-etuve/" />
<meta property="og:locale" content="fr_FR" />
<meta property="og:type" content="article" />
<meta property="og:title" content="Hêtre étuvé | Lamel Legno" />
<meta property="og:description" content="NOM BOTANIQUEFagus sylvatica L. CARACTÉRISTIQUES PHYSIQUES ET MÉCANIQUESTexture: Très fineFil: DroitPoids spécifique moyen: 730 kg/m3Retrait: ImportantNervosité du bois: ÉlevéeDureté: ÉlevéeRésistance à la compression axiale: Valeur moyenne de 61 MPaRésistance à la flexion: Valeur moyenne de 118 MpaModule d’élasticité: Valeur moyenne de 14,700 MPaRésistance aux chocs: ÉlevéeFlexibilité: MoyenneDurabilité: Médiocre" />
<meta property="og:url" content="https://lamellegno.it/fr/prodotto/hetre-etuve/" />
<meta property="og:site_name" content="Lamel Legno" />
<meta property="article:modified_time" content="2024-04-02T11:56:15+00:00" />
<meta property="og:image" content="https://lamellegno.it/wp-content/uploads/2024/03/faggio_evaporato-1.jpg" />
	<meta property="og:image:width" content="579" />
	<meta property="og:image:height" content="527" />
	<meta property="og:image:type" content="image/jpeg" />
<meta name="twitter:card" content="summary_large_image" />
<meta name="twitter:label1" content="Durée de lecture estimée" />
	<meta name="twitter:data1" content="1 minute" />
<script type="application/ld+json" class="yoast-schema-graph">{"@context":"https://schema.org","@graph":[{"@type":"WebPage","@id":"https://lamellegno.it/fr/prodotto/hetre-etuve/","url":"https://lamellegno.it/fr/prodotto/hetre-etuve/","name":"Hêtre étuvé | Lamel Legno","isPartOf":{"@id":"https://lamellegno.it/#website"},"primaryImageOfPage":{"@id":"https://lamellegno.it/fr/prodotto/hetre-etuve/#primaryimage"},"image":{"@id":"https://lamellegno.it/fr/prodotto/hetre-etuve/#primaryimage"},"thumbnailUrl":"https://lamellegno.it/wp-content/uploads/2024/03/faggio_evaporato-1.jpg","datePublished":"2024-03-12T11:19:19+00:00","dateModified":"2024-04-02T11:56:15+00:00","breadcrumb":{"@id":"https://lamellegno.it/fr/prodotto/hetre-etuve/#breadcrumb"},"inLanguage":"fr-FR","potentialAction":[{"@type":"ReadAction","target":["https://lamellegno.it/fr/prodotto/hetre-etuve/"]}]},{"@type":"ImageObject","inLanguage":"fr-FR","@id":"https://lamellegno.it/fr/prodotto/hetre-etuve/#primaryimage","url":"https://lamellegno.it/wp-content/uploads/2024/03/faggio_evaporato-1.jpg","contentUrl":"https://lamellegno.it/wp-content/uploads/2024/03/faggio_evaporato-1.jpg","width":579,"height":527},{"@type":"BreadcrumbList","@id":"https://lamellegno.it/fr/prodotto/hetre-etuve/#breadcrumb","itemListElement":[{"@type":"ListItem","position":1,"name":"Home","item":"https://lamellegno.it/fr/"},{"@type":"ListItem","position":2,"name":"Hêtre étuvé"}]},{"@type":"WebSite","@id":"https://lamellegno.it/#website","url":"https://lamellegno.it/","name":"Lamel Legno","description":"","publisher":{"@id":"https://lamellegno.it/#organization"},"potentialAction":[{"@type":"SearchAction","target":{"@type":"EntryPoint","urlTemplate":"https://lamellegno.it/?s={search_term_string}"},"query-input":{"@type":"PropertyValueSpecification","valueRequired":true,"valueName":"search_term_string"}}],"inLanguage":"fr-FR"},{"@type":"Organization","@id":"https://lamellegno.it/#organization","name":"Lamel Legno","url":"https://lamellegno.it/","logo":{"@type":"ImageObject","inLanguage":"fr-FR","@id":"https://lamellegno.it/#/schema/logo/image/","url":"https://lamellegno.it/wp-content/uploads/2024/03/logo.png","contentUrl":"https://lamellegno.it/wp-content/uploads/2024/03/logo.png","width":112,"height":102,"caption":"Lamel Legno"},"image":{"@id":"https://lamellegno.it/#/schema/logo/image/"},"sameAs":["https://www.linkedin.com/company/lamellegno/"]}]}</script>
<!-- / Yoast SEO plugin. -->

Hêtre étuvé | Lamel Legno

NOM BOTANIQUEFagus sylvatica L. CARACTÉRISTIQUES PHYSIQUES ET MÉCANIQUESTexture: Très fineFil: DroitPoids spécifique moyen: 730 kg/m3Retrait: ImportantNervosité du bois: ÉlevéeDureté: ÉlevéeRésistance à la compression axiale: Valeur moyenne de 61 MPaRésistance à la flexion: Valeur moyenne de 118 MpaModule d’élasticité: Valeur moyenne de 14,700 MPaRésistance aux chocs: ÉlevéeFlexibilité: MoyenneDurabilité: Médiocre
